lse
Is 3821 prime?
True
Is 4065073 a prime number?
True
Is 131561 a composite number?
False
Is 11597 prime?
True
Is 144617 composite?
True
Is 66581 composite?
True
Is 4303 a prime number?
False
Is 7817 a composite number?
False
Is 475583 a composite number?
False
Is 18089 a composite number?
False
Is 13991 a prime number?
False
Is 2515 a composite number?
True
Is 12053 composite?
True
Is 10651 a composite number?
False
Is 341669 composite?
True
Is 1247 a composite number?
True
Is 951331 composite?
False
Is 62851 a composite number?
False
Is 3792827 a composite number?
False
Is 5591 a prime number?
True
Is 141893 a prime number?
False
Is 1889 composite?
False
Is 53147 a composite number?
False
Is 48261 composite?
True
Is 2366369 composite?
False
Is 75853 composite?
False
Is 2309 a composite number?
False
Is 33521 a prime number?
True
Is 50555 a prime number?
False
Is 62993 prime?
False
Is 48086 prime?
False
Is 44179 prime?
True
Is 955597 a prime number?
False
Is 214898 composite?
True
Is 132865 prime?
False
Is 241427 prime?
False
Is 6542 prime?
False
Is 52763 a prime number?
False
Is 35839 a prime number?
True
Is 653243 composite?
False
Is 63179 a prime number?
True
Is 31219 a composite number?
False
Is 71183 prime?
False
Is 14093 composite?
True
Is 7051 a composite number?
True
Is 6739 a prime number?
False
Is 40769 a composite number?
True
Is 685147 a prime number?
False
Is 180161 a prime number?
True
Is 194003 a prime number?
True
Is 16127 composite?
False
Is 33703 composite?
False
Is 281189 prime?
True
Is 8813 a composite number?
True
Is 144277 a composite number?
True
Is 182167 prime?
True
Is 18269 a prime number?
True
Is 60899 prime?
True
Is 78097 composite?
True
Is 16619 a composite number?
False
Is 129419 a composite number?
False
Is 25339 prime?
True
Is 40739 a composite number?
False
Is 143017 prime?
False
Is 29758 a composite number?
True
Is 3527 a composite number?
False
Is 37319 a composite number?
True
Is 12799 a composite number?
False
Is 62849 a prime number?
False
Is 6833 composite?
False
Is 51853 a prime number?
True
Is 1816117 a composite number?
False
Is 1358255 a composite number?
True
Is 46714 a composite number?
True
Is 1722783 composite?
True
Is 11047 a composite number?
False
Is 6131 a prime number?
True
Is 27941 prime?
True
Is 21313 a prime number?
True
Is 25295 a prime number?
False
Is 6619 prime?
True
Is 821999 a prime number?
True
Is 395279 a prime number?
False
Is 297581 prime?
True
Is 131143 a composite number?
False
Is 20569 prime?
False
Is 7283 a prime number?
True
Is 1052849 composite?
True
Is 356023 a composite number?
False
Is 49601 a composite number?
True
Is 4171 prime?
False
Is 249697 a composite number?
True
Is 290417 a composite number?
True
Is 40973 a prime number?
True
Is 36433 a prime number?
True
Is 1333513 composite?
True
Is 3799 a prime number?
False
Is 6803 a prime number?
True
Is 32449 composite?
True
Is 11159 composite?
False
Is 8665 a composite number?
True
Is 321361 a prime number?
False
Is 68711 composite?
False
Is 20005 composite?
True
Is 12629 a prime number?
False
Is 93077 prime?
True
Is 4201 composite?
False
Is 5669 composite?
False
Is 662743 a prime number?
True
Is 64541 prime?
False
Is 45817 prime?
True
Is 27877 a composite number?
True
Is 425039 a composite number?
False
Is 185291 a composite number?
False
Is 1135 prime?
False
Is 166795 prime?
False
Is 7571 a prime number?
False
Is 318317 a composite number?
True
Is 7291 prime?
False
Is 37667 prime?
False
Is 917 a prime number?
False
Is 7453 a prime number?
False
Is 412741 a composite number?
True
Is 26017 prime?
True
Is 4957 a prime number?
True
Is 15727 a composite number?
False
Is 152879 composite?
False
Is 4213 composite?
True
Is 58403 a composite number?
False
Is 1961305 composite?
True
Is 431493 prime?
False
Is 59 a composite number?
False
Is 31189 composite?
False
Is 1351331 prime?
False
Is 336703 a composite number?
False
Is 27883 a prime number?
True
Is 12071 composite?
False
Is 379537 prime?
False
Is 149 a composite number?
False
Is 3397013 a composite number?
False
Is 221 composite?
True
Is 3203 a composite number?
False
Is 23597 a composite number?
True
Is 3593 a prime number?
True
Is 11027 composite?
False
Is 294311 prime?
True
Is 196949 a composite number?
True
Is 13591 prime?
True
Is 502121 composite?
False
Is 11729 prime?
False
Is 2797 a prime number?
True
Is 12517 a prime number?
True
Is 18707 composite?
True
Is 1559 composite?
False
Is 859913 a composite number?
False
Is 14243 a prime number?
True
Is 20993 composite?
True
Is 207827 a composite number?
True
Is 91909 a prime number?
True
Is 171013 a prime number?
False
Is 85465 a prime number?
False
Is 195989 a composite number?
True
Is 494141 a prime number?
True
Is 92467 prime?
True
Is 332501 prime?
False
Is 9535 prime?
False
Is 404359 prime?
False
Is 5639 a composite number?
False
Is 42797 a composite number?
False
Is 1191521 prime?
False
Is 152485 a composite number?
True
Is 77057 prime?
False
Is 80747 prime?
True
Is 54779 a prime number?
True
Is 5789 a prime number?
False
Is 65577 prime?
False
Is 179747 prime?
False
Is 21467 composite?
False
Is 1909171 a prime number?
False
Is 26831 composite?
True
Is 201389 a composite number?
False
Is 1012243 composite?
True
Is 152051 a prime number?
False
Is 568222 a composite number?
True
Is 41047 prime?
True
Is 801833 a composite number?
False
Is 187001 prime?
False
Is 1158719 prime?
True
Is 1633261 a prime number?
False
Is 497 a composite number?
True
Is 81727 composite?
False
Is 11029 a prime number?
False
Is 59579 a prime number?
False
Is 995431 a prime number?
True
Is 10771 a prime number?
True
Is 139413 a prime number?
False
Is 18329 a prime number?
True
Is 237377 composite?
True
Is 12772207 a prime number?
False
Is 1216561 a composite number?
False
Is 70489 prime?
True
Is 3407 prime?
True
Is 31895 a composite number?
True
Is 114697 a prime number?
False
Is 3229 a prime number?
True
Is 234502 prime?
False
Is 10493 composite?
True
Is 14107 a prime number?
True
Is 50683 composite?
False
Is 3114631 a prime number?
False
Is 1048577 a composite number?
True
Is 236947 a composite number?
False
Is 15658 composite?
True
Is 1589941 prime?
True
Is 14243 prime?
True
Is 611 a composite number?
True
Is 761465 composite?
True
Is 53539 prime?
False
Is 30029 prime?
True
Is 87869 prime?
True
Is 16871 composite?
False
Is 164863 composite?
True
Is 1409833 composite?
False
Is 261917 composite?
False
Is 1274011 a prime number?
True
Is 129041 composite?
True
Is 2721 a composite number?
True
Is 8353 prime?
True
Is 1641 prime?
False
Is 4283 a composite number?
False
Is 189281 prime?
False
Is 338077 a prime number?
False
Is 34186 a composite number?
True
Is 18637 prime?
True
Is 1709 a prime number?
True
Is 59441 a prime number?
True
Is 19841 prime?
True
Is 9157 a prime number?
True
Is 145531 a composite number?
False
Is 3593 a composite number?
False
Is 273673 a prime number?
False
Is 257 a composite number?
False
Is 23441 a prime number?
False
Is 365558 prime?
False
Is 4595 a composite number?
True
Is 4317 a composite number?
True
Is 195229 a prime number?
True
Is 291 a composite number?
True
Is 5411 composite?
True
Is 1739 a prime number?
False
Is 1514033 prime?
True
Is 11819 a prime number?
False
Is 15697 a composite number?
True
Is 46133 a composite number?
False
Is 149893 composite?
False
Is 202999 a composite number?
False
Is 63377 a prime number?
True
Is 273551 composite?
False
Is 47323 prime?
False
Is 14583 prime?
False
Is 527237 a composite number?
False
Is 36293 a prime number?
True
Is 69079 composite?
True
Is 14253 a composite number?
True
Is 336731 a prime number?
False
Is 786133 a composite number?
True
Is 714907 prime?
True
Is 261407 a composite number?
False
Is 57701 a composite number?
True
Is 78203 composite?
False
Is 47431 a composite number?
False
Is 2894003 composite?
True
Is 54133 a composite number?
False
Is 288979 composite?
False
Is 23399 prime?
True
Is 9533 a prime number?
True
Is 11411 a composite number?
False
Is 1238219 composite?
False
Is 674 prime?
False
Is 22381 prime?
True
Is 43721 a composite number?
False
Is 13033 prime?
True
Is 48641 a composite number?
True
Is 11483 composite?
False
Is 8887 a prime number?